{"id":1230,"date":"2018-08-29T14:51:47","date_gmt":"2018-08-29T17:51:47","guid":{"rendered":"https:\/\/ens3-caba.infd.edu.ar\/sitio\/ubicacion\/"},"modified":"2020-03-02T11:56:54","modified_gmt":"2020-03-02T14:56:54","slug":"ubicacion","status":"publish","type":"page","link":"https:\/\/ens3-caba.infd.edu.ar\/sitio\/ubicacion\/","title":{"rendered":"Ubicaci\u00f3n"},"content":{"rendered":"<p style=\"text-align: center;\"><span style=\"font-size: 10pt; font-family: Arial;\"><img decoding=\"async\" loading=\"lazy\" class=\"alignnone size-medium wp-image-1933\" src=\"https:\/\/ens3-caba.infd.edu.ar\/sitio\/wp-content\/uploads\/2020\/03\/bolivar-1235-1000x829.png\" alt=\"\" width=\"1000\" height=\"829\" srcset=\"https:\/\/ens3-caba.infd.edu.ar\/sitio\/wp-content\/uploads\/2020\/03\/bolivar-1235-1000x829.png 1000w, https:\/\/ens3-caba.infd.edu.ar\/sitio\/wp-content\/uploads\/2020\/03\/bolivar-1235-768x636.png 768w, https:\/\/ens3-caba.infd.edu.ar\/sitio\/wp-content\/uploads\/2020\/03\/bolivar-1235.png 1097w\" sizes=\"(max-width: 1000px) 100vw, 1000px\" \/><\/span><\/p>\n<p><span style=\"font-size: 10pt; font-family: Arial;\"><strong>L\u00edneas de colectivos :<\/strong> 22; 24; 28; 29; 9; 10; 17; 126; 4; 33; 45; 53; 64; 67; 70; 74; 79; 86; 93; 98; 100; 159 <\/span><\/p>\n<p><span style=\"font-size: 10pt; font-family: Arial;\"><strong>Subte:<\/strong> L\u00ednea C Estaci\u00f3n San Juan<\/span><\/p>\n","protected":false},"excerpt":{"rendered":"<p>L\u00edneas de colectivos : 22; 24; 28; 29; 9; 10; 17; 126; 4; 33; 45; 53; 64; 67; 70; 74; 79; 86; 93; 98; 100; 159 Subte: L\u00ednea C Estaci\u00f3n San Juan<\/p>\n","protected":false},"author":729,"featured_media":0,"parent":0,"menu_order":0,"comment_status":"closed","ping_status":"closed","template":"","meta":[],"acf":[],"_links":{"self":[{"href":"https:\/\/ens3-caba.infd.edu.ar\/sitio\/wp-json\/wp\/v2\/pages\/1230"}],"collection":[{"href":"https:\/\/ens3-caba.infd.edu.ar\/sitio\/wp-json\/wp\/v2\/pages"}],"about":[{"href":"https:\/\/ens3-caba.infd.edu.ar\/sitio\/wp-json\/wp\/v2\/types\/page"}],"author":[{"embeddable":true,"href":"https:\/\/ens3-caba.infd.edu.ar\/sitio\/wp-json\/wp\/v2\/users\/729"}],"replies":[{"embeddable":true,"href":"https:\/\/ens3-caba.infd.edu.ar\/sitio\/wp-json\/wp\/v2\/comments?post=1230"}],"version-history":[{"count":2,"href":"https:\/\/ens3-caba.infd.edu.ar\/sitio\/wp-json\/wp\/v2\/pages\/1230\/revisions"}],"predecessor-version":[{"id":1934,"href":"https:\/\/ens3-caba.infd.edu.ar\/sitio\/wp-json\/wp\/v2\/pages\/1230\/revisions\/1934"}],"wp:attachment":[{"href":"https:\/\/ens3-caba.infd.edu.ar\/sitio\/wp-json\/wp\/v2\/media?parent=1230"}],"curies":[{"name":"wp","href":"https:\/\/api.w.org\/{rel}","templated":true}]}}