{"id":1311,"date":"2018-08-29T14:52:24","date_gmt":"2018-08-29T17:52:24","guid":{"rendered":"https:\/\/ens3-caba.infd.edu.ar\/sitio\/publicaciones-en-la-ens-3\/"},"modified":"2023-12-13T18:26:04","modified_gmt":"2023-12-13T21:26:04","slug":"publicaciones-en-la-ens-3","status":"publish","type":"page","link":"https:\/\/ens3-caba.infd.edu.ar\/sitio\/publicaciones-en-la-ens-3\/","title":{"rendered":"Publicaciones en la ENS 3"},"content":{"rendered":"<p><strong><span style=\"font-family: verdana, sans-serif;\">Revista Digital \u00ab<\/span><\/strong><strong>Escritos Pedag\u00f3gicos del Normal 3&#8243;<\/strong><\/p>\n<p><a href=\"https:\/\/sites.google.com\/view\/epn3\"><img decoding=\"async\" loading=\"lazy\" class=\"wp-image-2581 aligncenter\" src=\"https:\/\/ens3-caba.infd.edu.ar\/sitio\/wp-content\/uploads\/2023\/12\/RD-1000x998.png\" alt=\"\" width=\"649\" height=\"648\" srcset=\"https:\/\/ens3-caba.infd.edu.ar\/sitio\/wp-content\/uploads\/2023\/12\/RD-1000x998.png 1000w, https:\/\/ens3-caba.infd.edu.ar\/sitio\/wp-content\/uploads\/2023\/12\/RD-500x500.png 500w, https:\/\/ens3-caba.infd.edu.ar\/sitio\/wp-content\/uploads\/2023\/12\/RD-768x767.png 768w, https:\/\/ens3-caba.infd.edu.ar\/sitio\/wp-content\/uploads\/2023\/12\/RD.png 1280w\" sizes=\"(max-width: 649px) 100vw, 649px\" \/><\/a><\/p>\n<p style=\"text-align: center;\"><a href=\"https:\/\/sites.google.com\/view\/epn3\">https:\/\/sites.google.com\/view\/epn3<\/a><br \/>\nTambi\u00e9n pod\u00e9s seguirnos en <a href=\"https:\/\/www.instagram.com\/escritospedagogicosnormal3\/\">Instagram <\/a><img decoding=\"async\" loading=\"lazy\" class=\"alignnone  wp-image-2579\" src=\"https:\/\/ens3-caba.infd.edu.ar\/sitio\/wp-content\/uploads\/2023\/12\/INS.png\" alt=\"\" width=\"22\" height=\"22\" \/> y en <a href=\"https:\/\/www.facebook.com\/escritos.pedagogicos\/\">Facebook<\/a><img decoding=\"async\" loading=\"lazy\" class=\"alignnone  wp-image-2580\" src=\"https:\/\/ens3-caba.infd.edu.ar\/sitio\/wp-content\/uploads\/2023\/12\/FB-1.png\" alt=\"\" width=\"23\" height=\"23\" \/><\/p>\n<p style=\"text-align: center;\">\n<hr style=\"height: 3px; width: 600px;\" size=\"3\" width=\"600\" \/>\n<p style=\"text-align: center;\">\n<p><img decoding=\"async\" style=\"border: 0px; display: block; margin-left: auto; margin-right: auto;\" title=\"\" src=\"https:\/\/ens3-caba.infd.edu.ar\/sitio\/wp-content\/uploads\/2018\/08\/Filosofia_del_aura-tapa.jpg\" width=\"314\" border=\"0\" \/><\/p>\n<p><strong>Filosof\u00eda del aura<\/strong><\/p>\n<p>Publicado en 2016. Compilaci\u00f3n de poemas escritos por alumnos de 2\u00ba \u00a0y 3\u00ba a\u00f1o de nivel medio, en el marco de la materia Lengua y Literatura del ciclo lectivo 2016. Ilustrado por \u00a0alumnos del Taller de Grabado Xilogr\u00e1fico.<\/p>\n<p style=\"text-align: center;\"><span style=\"font-size: 12pt;\"><a href=\"upload\/Filosofia_del_aura.pdf\" target=\"_blank\" rel=\"noopener\">Descargar en PDF<\/a><\/span><\/p>\n<p style=\"text-align: center;\">\n<hr style=\"height: 3px; width: 600px;\" size=\"3\" width=\"600\" \/>\n<p style=\"text-align: center;\">\n<p><img decoding=\"async\" style=\"display: block; border: 0px; margin-left: auto; margin-right: auto;\" title=\"\" src=\"https:\/\/ens3-caba.infd.edu.ar\/sitio\/wp-content\/uploads\/2018\/08\/cantos.jpg\" width=\"314\" border=\"0\" \/><\/p>\n<p><strong>Cantos apasionados<\/strong><\/p>\n<p>Publicado en 2016. Compilaci\u00f3n de poemas escritos por alumnos de 2\u00ba \u00a0y 3\u00ba a\u00f1o de nivel medio, en el marco de la materia Lengua y Literatura del ciclo lectivo 2015. Ilustrado por \u00a0alumnos del Taller de Grabado Xilogr\u00e1fico.<\/p>\n<p style=\"text-align: center;\"><span style=\"font-size: 12pt;\"><a href=\"upload\/CANTOS_APASIONADOS.pdf\" target=\"_blank\" rel=\"noopener\">Descargar en PDF<\/a><\/span><\/p>\n<hr style=\"height: 3px; width: 600px;\" size=\"3\" width=\"600\" \/>\n<p><img decoding=\"async\" loading=\"lazy\" style=\"display: block; margin-left: auto; margin-right: auto;\" title=\"\" src=\"https:\/\/ens3-caba.infd.edu.ar\/sitio\/wp-content\/uploads\/2018\/08\/Detras_de_las_historias_tapa.jpg\" width=\"314\" height=\"446\" border=\"0\" \/><\/p>\n<p><strong>Detr\u00e1s de las historias (que nunca fueron)<\/strong><\/p>\n<p>Publicado en 2015 en versi\u00f3n digital y en 2016 en versi\u00f3n impresa. Compilaci\u00f3n de cuentos escritos e ilustrados por alumnas del Profesorado de Educaci\u00f3n Inicial, en el marco de la materia Literatura en la Educaci\u00f3n Inicial del primer cuatrimestre de 2015.<\/p>\n<p style=\"text-align: center;\"><span style=\"font-size: 12pt;\"><a href=\"upload\/Detras_de_las_historias_que_nunca_fueron.pdf\" target=\"_blank\" rel=\"noopener\">Descargar en PDF<\/a><\/span><\/p>\n<p><iframe loading=\"lazy\" src=\"\/\/e.issuu.com\/embed.html#19460786\/34270738?wmode=transparent\" width=\"525\" height=\"372\" frameborder=\"0\" allowfullscreen=\"allowfullscreen\"><\/iframe><\/p>\n<hr style=\"height: 3px; width: 550px;\" size=\"3\" width=\"550\" \/>\n<p><img decoding=\"async\" loading=\"lazy\" style=\"display: block; margin-left: auto; margin-right: auto;\" title=\"\" src=\"https:\/\/ens3-caba.infd.edu.ar\/sitio\/wp-content\/uploads\/2018\/08\/Educacion_Ambiental_en_la_Escuela_Primaria_tapa_1.jpg\" alt=\"\" width=\"309\" height=\"449\" border=\"0\" \/><\/p>\n<p><strong>Educaci\u00f3n Ambiental en la Escuela Primaria. El problema de los residuos domiciliarios en la ciudad de Buenos Aires<\/strong><\/p>\n<p>Publicado en 2014. Propuestas de ense\u00f1anza elaboradas e implementadas en el Nivel Primario de nuestra Escuela, en el marco de la Convocatoria 2008 de Proyectos de Investigaci\u00f3n del INFD.<\/p>\n<p style=\"text-align: center;\"><span style=\"font-size: 12pt;\"><a href=\"upload\/Educacion_Ambiental_en_la_Escuela_Primaria.pdf\" target=\"_blank\" rel=\"noopener\">Descargar en PDF<\/a><\/span><\/p>\n<p><iframe loading=\"lazy\" src=\"\/\/e.issuu.com\/embed.html#19460786\/34269966?wmode=transparent\" width=\"525\" height=\"381\" frameborder=\"0\" allowfullscreen=\"allowfullscreen\"><\/iframe><\/p>\n<hr size=\"3\" width=\"550\" \/>\n<p><img decoding=\"async\" style=\"display: block; margin-left: auto; margin-right: auto;\" title=\"\" src=\"https:\/\/ens3-caba.infd.edu.ar\/sitio\/wp-content\/uploads\/2018\/08\/huellas-1.jpg\" width=\"314\" border=\"0\" \/><\/p>\n<p><strong>Dejando Huellas<\/strong><\/p>\n<p>Publicado en 2013. Fruto de las producciones del plan \u00abAprender trabajando\u00bb, \u00abTaller de Narrativas Pedag\u00f3gicas\u00bb, y diferentes actividades de extensi\u00f3n y pedag\u00f3gicas, en el marco del Proyecto de Mejora Institucional del INFD.<\/p>\n<p style=\"text-align: center;\"><span style=\"font-size: 12pt;\"><a href=\"upload\/DEJANDO_HUELLAS.pdf\" target=\"_blank\" rel=\"noopener\">Descargar en PDF<\/a><\/span><\/p>\n<p style=\"text-align: center;\"><iframe loading=\"lazy\" src=\"\/\/e.issuu.com\/embed.html#19460786\/34269808?wmode=transparent\" width=\"525\" height=\"358\" frameborder=\"0\" allowfullscreen=\"allowfullscreen\"><\/iframe><\/p>\n","protected":false},"excerpt":{"rendered":"<p>Revista Digital \u00abEscritos Pedag\u00f3gicos del Normal 3&#8243; https:\/\/sites.google.com\/view\/epn3 Tambi\u00e9n pod\u00e9s seguirnos en Instagram y en Facebook Filosof\u00eda del aura Publicado en 2016. Compilaci\u00f3n de poemas escritos por alumnos de 2\u00ba \u00a0y 3\u00ba a\u00f1o de nivel medio, en el marco de la materia Lengua y Literatura del ciclo lectivo 2016. Ilustrado por \u00a0alumnos del Taller de &#8230; <a title=\"Publicaciones en la ENS 3\" class=\"read-more\" href=\"https:\/\/ens3-caba.infd.edu.ar\/sitio\/publicaciones-en-la-ens-3\/\" aria-label=\"More on Publicaciones en la ENS 3\">[+]<\/a><\/p>\n","protected":false},"author":729,"featured_media":0,"parent":0,"menu_order":0,"comment_status":"closed","ping_status":"closed","template":"","meta":[],"acf":[],"_links":{"self":[{"href":"https:\/\/ens3-caba.infd.edu.ar\/sitio\/wp-json\/wp\/v2\/pages\/1311"}],"collection":[{"href":"https:\/\/ens3-caba.infd.edu.ar\/sitio\/wp-json\/wp\/v2\/pages"}],"about":[{"href":"https:\/\/ens3-caba.infd.edu.ar\/sitio\/wp-json\/wp\/v2\/types\/page"}],"author":[{"embeddable":true,"href":"https:\/\/ens3-caba.infd.edu.ar\/sitio\/wp-json\/wp\/v2\/users\/729"}],"replies":[{"embeddable":true,"href":"https:\/\/ens3-caba.infd.edu.ar\/sitio\/wp-json\/wp\/v2\/comments?post=1311"}],"version-history":[{"count":4,"href":"https:\/\/ens3-caba.infd.edu.ar\/sitio\/wp-json\/wp\/v2\/pages\/1311\/revisions"}],"predecessor-version":[{"id":2583,"href":"https:\/\/ens3-caba.infd.edu.ar\/sitio\/wp-json\/wp\/v2\/pages\/1311\/revisions\/2583"}],"wp:attachment":[{"href":"https:\/\/ens3-caba.infd.edu.ar\/sitio\/wp-json\/wp\/v2\/media?parent=1311"}],"curies":[{"name":"wp","href":"https:\/\/api.w.org\/{rel}","templated":true}]}}