{"id":1996,"date":"2020-11-18T12:28:13","date_gmt":"2020-11-18T15:28:13","guid":{"rendered":"https:\/\/ens3-caba.infd.edu.ar\/sitio\/?page_id=1996"},"modified":"2020-11-18T12:28:13","modified_gmt":"2020-11-18T15:28:13","slug":"materiales-didacticos-digitales-elaborados-por-estudiantes-de-los-talleres-de-diseno","status":"publish","type":"page","link":"https:\/\/ens3-caba.infd.edu.ar\/sitio\/materiales-didacticos-digitales-elaborados-por-estudiantes-de-los-talleres-de-diseno\/","title":{"rendered":"Materiales did\u00e1cticos digitales elaborados por estudiantes de los Talleres de Dise\u00f1o"},"content":{"rendered":"<p>A lo largo de este a\u00f1o, todos los niveles del sistema educativo han enfrentado los numerosos desaf\u00edos impuestos por el contexto del aislamiento social por la pandemia del Covid-19. Estos han sido particularmente intensos en la formaci\u00f3n docente. S\u00ed, como se\u00f1alaba Alejandra Birgin a prop\u00f3sito de la cuarentena en los Institutos de Formaci\u00f3n Docente, \u201clas aulas en las que se estudia en el presente son espacios en donde se forjan las aulas por venir\u201d<a href=\"#_ftn1\" name=\"_ftnref1\"><sup>[1]<\/sup><\/a>, a los estudiantes en sus etapas de Talleres de Residencia han afrontado la tarea de continuar su formaci\u00f3n por fuera de las aulas tradicionales. En este contexto, desde los talleres de pr\u00e1ctica y de dise\u00f1o se les propuso a los estudiantes del Normal 3 la elaboraci\u00f3n de distintos materiales did\u00e1cticos que, recogiendo su formaci\u00f3n en la elaboraci\u00f3n de proyectos de ense\u00f1anza, sirvieran para los docentes y estudiantes de esta instituci\u00f3n o de otras. A continuaci\u00f3n se presenta el resultado de dichos trabajos:<\/p>\n<p>&nbsp;<\/p>\n<p><strong><u>Materiales para Primer Ciclo de la escuela primaria: <\/u><\/strong><\/p>\n<p>&nbsp;<\/p>\n<ul>\n<li>\u201cLa vida cotidiana de los inmigrantes a principios de siglo\u201d, elaborado por Carla Paget<\/li>\n<\/ul>\n<p>Link de acceso:<\/p>\n<p><u><a href=\"https:\/\/view.genial.ly\/5f7d3f5595c8ab0cfe8b8f32\/presentation-pasado-y-presente\">https:\/\/view.genial.ly\/5f7d3f5595c8ab0cfe8b8f32\/presentation-pasado-y-presente<\/a><\/u><\/p>\n<p>&nbsp;<\/p>\n<ul>\n<li>\u201cEspacios emblem\u00e1ticos de Buenos Aires: El Parque Lezama\u201d, elaborado por Carlos Moreira<\/li>\n<\/ul>\n<p>Link de acceso:<\/p>\n<p><u><a href=\"https:\/\/view.genial.ly\/5f7ccec760d46a0d028ea33f\/interactive-image-un-lugar-emblematico-en-buenos-aires\">https:\/\/view.genial.ly\/5f7ccec760d46a0d028ea33f\/interactive-image-un-lugar-emblematico-en-buenos-aires<\/a><\/u><\/p>\n<p>&nbsp;<\/p>\n<ul>\n<li>\u201cPueblos originarios en el territorio argentino\u201d, elaborado por Laura Arag\u00f3n<\/li>\n<\/ul>\n<p>Link de acceso: <u><a href=\"https:\/\/view.genial.ly\/5f88d297d2977b0d9ffab3e4\/presentation-pueblos-originarios\">https:\/\/view.genial.ly\/5f88d297d2977b0d9ffab3e4\/presentation-pueblos-originarios<\/a><\/u><\/p>\n<p>&nbsp;<\/p>\n<ul>\n<li>\u201cEl aire como un material que est\u00e1 presente a nuestro alrededor. Reconocimiento de la presencia del aire\u201d, elaborado por Mauro Altamirano<\/li>\n<\/ul>\n<p>Link de acceso: <u><a href=\"https:\/\/view.genial.ly\/5fb444b6805cb60d96d9beec\/presentation-secuencia-1degree-mauro-altamirano-copia\">https:\/\/view.genial.ly\/5fb444b6805cb60d96d9beec\/presentation-secuencia-1degree-mauro-altamirano-copia<\/a><\/u><\/p>\n<p>&nbsp;<\/p>\n<ul>\n<li>\u201cCambios corporales\u201d, elaborado por Karina Tirasso<\/li>\n<\/ul>\n<p>Link de acceso: <u><a href=\"https:\/\/padlet.com\/yomaestra\/profekari\">https:\/\/padlet.com\/yomaestra\/profekari<\/a><\/u><\/p>\n<ul>\n<li>\u201cMezclas heterog\u00e9neas y m\u00e9todos de separaci\u00f3n\u201d, elaborado por Daniela Pe\u00f1a<\/li>\n<\/ul>\n<p>Link de acceso: <u><a href=\"https:\/\/es.padlet.com\/danielap88\/gpwtvenlxjhlynee\">https:\/\/es.padlet.com\/danielap88\/gpwtvenlxjhlynee<\/a><\/u><\/p>\n<p>&nbsp;<\/p>\n<p><strong><u>Materiales para Segundo Ciclo de la escuela primaria: <\/u><\/strong><\/p>\n<ul>\n<li>\u201cLa distribuci\u00f3n de la poblaci\u00f3n en la Argentina\u201d, elaborado por Miguel Carillo<\/li>\n<\/ul>\n<p>Link de acceso: <u><a href=\"https:\/\/view.genial.ly\/5f6ca2da5d45790d2ef77f0c\/learning-experience-didactic-unit-modulo-didactico\">https:\/\/view.genial.ly\/5f6ca2da5d45790d2ef77f0c\/learning-experience-didactic-unit-modulo-didactico<\/a><\/u><\/p>\n<ul>\n<li>\u201cLas mujeres en la Revoluci\u00f3n de Mayo y las guerras de Independencia\u201d, elaborado por Juliana Orellana<\/li>\n<\/ul>\n<p>Link de acceso:<\/p>\n<p><u><a href=\"https:\/\/view.genial.ly\/5f7cf16b60d46a0d028ea598\/dossier-modulo-didatico-orellana\">https:\/\/view.genial.ly\/5f7cf16b60d46a0d028ea598\/dossier-modulo-didatico-orellana<\/a><\/u><\/p>\n<p>&nbsp;<\/p>\n<p><a href=\"#_ftnref1\" name=\"_ftn1\"><sup>[1]<\/sup><\/a> Birgin, Alejandra, \u201cEmergencia y pedagog\u00eda. La cuarentena en los Institutos de Formaci\u00f3n Docente\u201d en <em>Pensar la Educaci\u00f3n en tiempos de pandemia. Entre la emergencia, el compromiso y la espera,<\/em> Unipe, 2020.<\/p>\n","protected":false},"excerpt":{"rendered":"<p>A lo largo de este a\u00f1o, todos los niveles del sistema educativo han enfrentado los numerosos desaf\u00edos impuestos por el contexto del aislamiento social por la pandemia del Covid-19. Estos han sido particularmente intensos en la formaci\u00f3n docente. S\u00ed, como se\u00f1alaba Alejandra Birgin a prop\u00f3sito de la cuarentena en los Institutos de Formaci\u00f3n Docente, \u201clas &#8230; <a title=\"Materiales did\u00e1cticos digitales elaborados por estudiantes de los Talleres de Dise\u00f1o\" class=\"read-more\" href=\"https:\/\/ens3-caba.infd.edu.ar\/sitio\/materiales-didacticos-digitales-elaborados-por-estudiantes-de-los-talleres-de-diseno\/\" aria-label=\"More on Materiales did\u00e1cticos digitales elaborados por estudiantes de los Talleres de Dise\u00f1o\">[+]<\/a><\/p>\n","protected":false},"author":121,"featured_media":0,"parent":0,"menu_order":0,"comment_status":"closed","ping_status":"closed","template":"","meta":[],"acf":[],"_links":{"self":[{"href":"https:\/\/ens3-caba.infd.edu.ar\/sitio\/wp-json\/wp\/v2\/pages\/1996"}],"collection":[{"href":"https:\/\/ens3-caba.infd.edu.ar\/sitio\/wp-json\/wp\/v2\/pages"}],"about":[{"href":"https:\/\/ens3-caba.infd.edu.ar\/sitio\/wp-json\/wp\/v2\/types\/page"}],"author":[{"embeddable":true,"href":"https:\/\/ens3-caba.infd.edu.ar\/sitio\/wp-json\/wp\/v2\/users\/121"}],"replies":[{"embeddable":true,"href":"https:\/\/ens3-caba.infd.edu.ar\/sitio\/wp-json\/wp\/v2\/comments?post=1996"}],"version-history":[{"count":1,"href":"https:\/\/ens3-caba.infd.edu.ar\/sitio\/wp-json\/wp\/v2\/pages\/1996\/revisions"}],"predecessor-version":[{"id":1998,"href":"https:\/\/ens3-caba.infd.edu.ar\/sitio\/wp-json\/wp\/v2\/pages\/1996\/revisions\/1998"}],"wp:attachment":[{"href":"https:\/\/ens3-caba.infd.edu.ar\/sitio\/wp-json\/wp\/v2\/media?parent=1996"}],"curies":[{"name":"wp","href":"https:\/\/api.w.org\/{rel}","templated":true}]}}