{"id":2037,"date":"2021-03-18T14:07:35","date_gmt":"2021-03-18T17:07:35","guid":{"rendered":"https:\/\/ens3-caba.infd.edu.ar\/sitio\/?page_id=2037"},"modified":"2023-08-23T21:07:03","modified_gmt":"2023-08-24T00:07:03","slug":"contactos-bedelias-nt","status":"publish","type":"page","link":"https:\/\/ens3-caba.infd.edu.ar\/sitio\/contactos-bedelias-nt\/","title":{"rendered":"Contactos Bedel\u00edas NT"},"content":{"rendered":"<div><\/div>\n<h3><span style=\"color: #800000;\"><strong>Para realizar consultas a Bedel\u00edas del Nivel Terciario, escribir a las siguientes casillas de email:<\/strong><\/span><\/h3>\n<h2 style=\"text-align: center;\"><b>BEDEL\u00cdA SAN TELMO<\/b><\/h2>\n<h2 style=\"text-align: center;\"><\/h2>\n<h2 style=\"text-align: center;\"><a href=\"mailto:ens3bedeliasantelmo@gmail.com\" target=\"_blank\" rel=\"noopener\">ens3bedeliasantelmo@gmail.com<\/a><\/h2>\n<h2 style=\"text-align: center;\"><\/h2>\n<h2 style=\"text-align: center;\"><b>BEDEL\u00cdAS LUGANO<\/b><\/h2>\n<h2 style=\"text-align: center;\"><b>Turno ma\u00f1ana<\/b><\/h2>\n<h2 style=\"text-align: center;\"><a href=\"mailto:ens3bedeliatm@gmail.com\" target=\"_blank\" rel=\"noopener\">ens3bedeliatm@gmail.com<\/a><\/h2>\n<h2 style=\"text-align: center;\"><\/h2>\n<h2 style=\"text-align: center;\"><b>Turno tarde<\/b><\/h2>\n<h2 style=\"text-align: center;\"><a href=\"mailto:ens3bedeliatt@gmail.com\" target=\"_blank\" rel=\"noopener\">ens3bedeliatt@gmail.com<\/a><\/h2>\n<h2 style=\"text-align: center;\"><\/h2>\n<h2 style=\"text-align: center;\"><b>Turno vespertino<\/b><\/h2>\n<h2 style=\"text-align: center;\"><a href=\"mailto:ens3bedelialugano@gmail.com\" target=\"_blank\" rel=\"noopener\">ens3bedelialugano@gmail.com<\/a><\/h2>\n<div><\/div>\n<div><\/div>\n<div><\/div>\n","protected":false},"excerpt":{"rendered":"<p>Para realizar consultas a Bedel\u00edas del Nivel Terciario, escribir a las siguientes casillas de email: BEDEL\u00cdA SAN TELMO ens3bedeliasantelmo@gmail.com BEDEL\u00cdAS LUGANO Turno ma\u00f1ana ens3bedeliatm@gmail.com Turno tarde ens3bedeliatt@gmail.com Turno vespertino ens3bedelialugano@gmail.com<\/p>\n","protected":false},"author":144,"featured_media":0,"parent":0,"menu_order":0,"comment_status":"closed","ping_status":"closed","template":"","meta":[],"acf":[],"_links":{"self":[{"href":"https:\/\/ens3-caba.infd.edu.ar\/sitio\/wp-json\/wp\/v2\/pages\/2037"}],"collection":[{"href":"https:\/\/ens3-caba.infd.edu.ar\/sitio\/wp-json\/wp\/v2\/pages"}],"about":[{"href":"https:\/\/ens3-caba.infd.edu.ar\/sitio\/wp-json\/wp\/v2\/types\/page"}],"author":[{"embeddable":true,"href":"https:\/\/ens3-caba.infd.edu.ar\/sitio\/wp-json\/wp\/v2\/users\/144"}],"replies":[{"embeddable":true,"href":"https:\/\/ens3-caba.infd.edu.ar\/sitio\/wp-json\/wp\/v2\/comments?post=2037"}],"version-history":[{"count":5,"href":"https:\/\/ens3-caba.infd.edu.ar\/sitio\/wp-json\/wp\/v2\/pages\/2037\/revisions"}],"predecessor-version":[{"id":2392,"href":"https:\/\/ens3-caba.infd.edu.ar\/sitio\/wp-json\/wp\/v2\/pages\/2037\/revisions\/2392"}],"wp:attachment":[{"href":"https:\/\/ens3-caba.infd.edu.ar\/sitio\/wp-json\/wp\/v2\/media?parent=2037"}],"curies":[{"name":"wp","href":"https:\/\/api.w.org\/{rel}","templated":true}]}}