{"id":2343,"date":"2023-04-10T19:44:37","date_gmt":"2023-04-10T22:44:37","guid":{"rendered":"https:\/\/ens3-caba.infd.edu.ar\/sitio\/?page_id=2343"},"modified":"2023-05-09T17:24:09","modified_gmt":"2023-05-09T20:24:09","slug":"semana-de-la-memoria","status":"publish","type":"page","link":"https:\/\/ens3-caba.infd.edu.ar\/sitio\/semana-de-la-memoria\/","title":{"rendered":"Semana de la Memoria"},"content":{"rendered":"\n<p><strong>SEMANA DE LA MEMORIA<\/strong><\/p>\n\n\n\n<p>Durante la semana del 20 al 23 de marzo se realizaron en ambas sedes diversas actividades a partir de una convocatoria de la comisi\u00f3n de la Memoria.<\/p>\n\n\n\n<p>Docentes y estudiantes llevaron a cabo diferentes propuestas para conmemorar la semana de la Memoria.<\/p>\n\n\n\n<p>En la sede de San Telmo, el d\u00eda lunes 20, \u00a0los docentes Paola Peimer y Mat\u00edas Alderete plantearon una actividad para pensar \u00a0la utilizaci\u00f3n de situaciones ficticias, a partir del texto \u201cNabonido y los guerreros\u201d, en la que los estudiantes participaron en el armado de esculturas vivientes para el posterior debate. Luego la Prof. Itat\u00ed Rolleri realiz\u00f3 una lectura de poetas desaparecidos y propuso una producci\u00f3n\u00a0colectiva y creativa posterior.<\/p>\n\n\n\n<figure class=\"wp-block-image size-large\"><img decoding=\"async\" loading=\"lazy\" width=\"1900\" height=\"1425\" src=\"https:\/\/ens3-caba.infd.edu.ar\/sitio\/wp-content\/uploads\/2023\/04\/20230320_190225-1900x1425.jpg\" alt=\"\" class=\"wp-image-2344\" srcset=\"https:\/\/ens3-caba.infd.edu.ar\/sitio\/wp-content\/uploads\/2023\/04\/20230320_190225-1900x1425.jpg 1900w, https:\/\/ens3-caba.infd.edu.ar\/sitio\/wp-content\/uploads\/2023\/04\/20230320_190225-1000x750.jpg 1000w, https:\/\/ens3-caba.infd.edu.ar\/sitio\/wp-content\/uploads\/2023\/04\/20230320_190225-768x576.jpg 768w, https:\/\/ens3-caba.infd.edu.ar\/sitio\/wp-content\/uploads\/2023\/04\/20230320_190225-1536x1152.jpg 1536w, https:\/\/ens3-caba.infd.edu.ar\/sitio\/wp-content\/uploads\/2023\/04\/20230320_190225-2048x1536.jpg 2048w\" sizes=\"(max-width: 1900px) 100vw, 1900px\" \/><\/figure>\n\n\n\n<p>El martes 21 se proyect\u00f3 el documental \u201cLa guarder\u00eda\u201d, a partir de cual se llev\u00f3 a cabo un debate sobre los modos de crianza colectiva y las propuestas pedag\u00f3gicas en medio de la lucha contra la dictadura c\u00edvico-militar, organizado por la Prof. Laura Macri.<\/p>\n\n\n\n<p>Adem\u00e1s, los alumnos de los profesorados hicieron una puesta en di\u00e1logo, coordinada por la Prof. Ver\u00f3nica Schulman, en base a intervenciones como \u201cEl Siluetazo\u201d (Alfredo Alonso) producida en la d\u00e9cada del 80\u00b4, \u201cManos an\u00f3nimas\u201d (Carlos Alonso) y \u201cReliquias: instalaci\u00f3n homenaje a Jorge Julio L\u00f3pez\u201d (Jorge Caterbetti, 2022)\u00a0 en la que reflexionaron en torno a las pervivencias de aspectos sociales represivos y c\u00f3mo interpelan a los lenguajes est\u00e9ticos.<\/p>\n\n\n\n<p><\/p>\n\n\n\n<figure class=\"wp-block-image size-large\"><img decoding=\"async\" loading=\"lazy\" width=\"1900\" height=\"1164\" src=\"https:\/\/ens3-caba.infd.edu.ar\/sitio\/wp-content\/uploads\/2023\/04\/silueta-1-1900x1164.jpg\" alt=\"\" class=\"wp-image-2347\" srcset=\"https:\/\/ens3-caba.infd.edu.ar\/sitio\/wp-content\/uploads\/2023\/04\/silueta-1-1900x1164.jpg 1900w, https:\/\/ens3-caba.infd.edu.ar\/sitio\/wp-content\/uploads\/2023\/04\/silueta-1-1000x612.jpg 1000w, https:\/\/ens3-caba.infd.edu.ar\/sitio\/wp-content\/uploads\/2023\/04\/silueta-1-768x470.jpg 768w, https:\/\/ens3-caba.infd.edu.ar\/sitio\/wp-content\/uploads\/2023\/04\/silueta-1-1536x941.jpg 1536w, https:\/\/ens3-caba.infd.edu.ar\/sitio\/wp-content\/uploads\/2023\/04\/silueta-1.jpg 1992w\" sizes=\"(max-width: 1900px) 100vw, 1900px\" \/><\/figure>\n\n\n\n<p>El mi\u00e9rcoles 22, la Prof. Mariana Vergara Las Heras nos regal\u00f3, con su bella voz, \u00abPalomas de la ciudad\u00bb de Mar\u00eda Elena Walsh.<\/p>\n\n\n\n<figure class=\"wp-block-image size-large\"><img decoding=\"async\" loading=\"lazy\" width=\"1900\" height=\"1088\" src=\"https:\/\/ens3-caba.infd.edu.ar\/sitio\/wp-content\/uploads\/2023\/04\/20230322_184300-1900x1088.jpg\" alt=\"\" class=\"wp-image-2348\" srcset=\"https:\/\/ens3-caba.infd.edu.ar\/sitio\/wp-content\/uploads\/2023\/04\/20230322_184300-1900x1088.jpg 1900w, https:\/\/ens3-caba.infd.edu.ar\/sitio\/wp-content\/uploads\/2023\/04\/20230322_184300-1000x572.jpg 1000w, https:\/\/ens3-caba.infd.edu.ar\/sitio\/wp-content\/uploads\/2023\/04\/20230322_184300-768x440.jpg 768w, https:\/\/ens3-caba.infd.edu.ar\/sitio\/wp-content\/uploads\/2023\/04\/20230322_184300-1536x879.jpg 1536w, https:\/\/ens3-caba.infd.edu.ar\/sitio\/wp-content\/uploads\/2023\/04\/20230322_184300-2048x1172.jpg 2048w\" sizes=\"(max-width: 1900px) 100vw, 1900px\" \/><\/figure>\n\n\n\n<p>Luego las profesoras Florencia Lafforge y Yamila Frei realizaron la presentaci\u00f3n de la Comisi\u00f3n por la Memoria de la ENS 3 con la proyecci\u00f3n del documental 29+Memoria.<\/p>\n\n\n\n<p>En el cierre de la actividad, coordinado por la Prof. Mar\u00eda Longinotti, se intervino de un sector dela escuela con pa\u00f1uelos de Origami, en relaci\u00f3n al origen del pa\u00f1uelo como s\u00edmbolo de lucha y defensa de los DDHH.<\/p>\n\n\n\n<figure class=\"wp-block-image size-large\"><img decoding=\"async\" loading=\"lazy\" width=\"1900\" height=\"1425\" src=\"https:\/\/ens3-caba.infd.edu.ar\/sitio\/wp-content\/uploads\/2023\/04\/20230322_194746-1900x1425.jpg\" alt=\"\" class=\"wp-image-2349\" srcset=\"https:\/\/ens3-caba.infd.edu.ar\/sitio\/wp-content\/uploads\/2023\/04\/20230322_194746-1900x1425.jpg 1900w, https:\/\/ens3-caba.infd.edu.ar\/sitio\/wp-content\/uploads\/2023\/04\/20230322_194746-1000x750.jpg 1000w, https:\/\/ens3-caba.infd.edu.ar\/sitio\/wp-content\/uploads\/2023\/04\/20230322_194746-768x576.jpg 768w, https:\/\/ens3-caba.infd.edu.ar\/sitio\/wp-content\/uploads\/2023\/04\/20230322_194746-1536x1152.jpg 1536w, https:\/\/ens3-caba.infd.edu.ar\/sitio\/wp-content\/uploads\/2023\/04\/20230322_194746-2048x1536.jpg 2048w\" sizes=\"(max-width: 1900px) 100vw, 1900px\" \/><\/figure>\n\n\n\n<p>Finalmente, el jueves 23 se proyect\u00f3 la pel\u00edcula Argentina 1985&nbsp;<\/p>\n\n\n\n<figure class=\"wp-block-image size-large\"><img decoding=\"async\" loading=\"lazy\" width=\"1900\" height=\"1069\" src=\"https:\/\/ens3-caba.infd.edu.ar\/sitio\/wp-content\/uploads\/2023\/04\/argentina-1985-prime-video-cines-1433596-1900x1069.jpg\" alt=\"\" class=\"wp-image-2350\" srcset=\"https:\/\/ens3-caba.infd.edu.ar\/sitio\/wp-content\/uploads\/2023\/04\/argentina-1985-prime-video-cines-1433596-1900x1069.jpg 1900w, https:\/\/ens3-caba.infd.edu.ar\/sitio\/wp-content\/uploads\/2023\/04\/argentina-1985-prime-video-cines-1433596-1000x563.jpg 1000w, https:\/\/ens3-caba.infd.edu.ar\/sitio\/wp-content\/uploads\/2023\/04\/argentina-1985-prime-video-cines-1433596-768x432.jpg 768w, https:\/\/ens3-caba.infd.edu.ar\/sitio\/wp-content\/uploads\/2023\/04\/argentina-1985-prime-video-cines-1433596-1536x864.jpg 1536w, https:\/\/ens3-caba.infd.edu.ar\/sitio\/wp-content\/uploads\/2023\/04\/argentina-1985-prime-video-cines-1433596.jpg 1920w\" sizes=\"(max-width: 1900px) 100vw, 1900px\" \/><\/figure>\n\n\n\n<figure class=\"wp-block-image size-full\"><img decoding=\"async\" loading=\"lazy\" width=\"1600\" height=\"1201\" src=\"https:\/\/ens3-caba.infd.edu.ar\/sitio\/wp-content\/uploads\/2023\/04\/IMG-20230320-WA0074.jpg\" alt=\"\" class=\"wp-image-2351\" srcset=\"https:\/\/ens3-caba.infd.edu.ar\/sitio\/wp-content\/uploads\/2023\/04\/IMG-20230320-WA0074.jpg 1600w, https:\/\/ens3-caba.infd.edu.ar\/sitio\/wp-content\/uploads\/2023\/04\/IMG-20230320-WA0074-1000x751.jpg 1000w, https:\/\/ens3-caba.infd.edu.ar\/sitio\/wp-content\/uploads\/2023\/04\/IMG-20230320-WA0074-768x576.jpg 768w, https:\/\/ens3-caba.infd.edu.ar\/sitio\/wp-content\/uploads\/2023\/04\/IMG-20230320-WA0074-1536x1153.jpg 1536w\" sizes=\"(max-width: 1600px) 100vw, 1600px\" \/><\/figure>\n\n\n\n<figure class=\"wp-block-image size-full\"><img decoding=\"async\" loading=\"lazy\" width=\"1600\" height=\"1201\" src=\"https:\/\/ens3-caba.infd.edu.ar\/sitio\/wp-content\/uploads\/2023\/04\/IMG-20230320-WA0060.jpg\" alt=\"\" class=\"wp-image-2352\" srcset=\"https:\/\/ens3-caba.infd.edu.ar\/sitio\/wp-content\/uploads\/2023\/04\/IMG-20230320-WA0060.jpg 1600w, https:\/\/ens3-caba.infd.edu.ar\/sitio\/wp-content\/uploads\/2023\/04\/IMG-20230320-WA0060-1000x751.jpg 1000w, https:\/\/ens3-caba.infd.edu.ar\/sitio\/wp-content\/uploads\/2023\/04\/IMG-20230320-WA0060-768x576.jpg 768w, https:\/\/ens3-caba.infd.edu.ar\/sitio\/wp-content\/uploads\/2023\/04\/IMG-20230320-WA0060-1536x1153.jpg 1536w\" sizes=\"(max-width: 1600px) 100vw, 1600px\" \/><\/figure>\n","protected":false},"excerpt":{"rendered":"<p>SEMANA DE LA MEMORIA Durante la semana del 20 al 23 de marzo se realizaron en ambas sedes diversas actividades a partir de una convocatoria de la comisi\u00f3n de la Memoria. Docentes y estudiantes llevaron a cabo diferentes propuestas para conmemorar la semana de la Memoria. En la sede de San Telmo, el d\u00eda lunes &#8230; <a title=\"Semana de la Memoria\" class=\"read-more\" href=\"https:\/\/ens3-caba.infd.edu.ar\/sitio\/semana-de-la-memoria\/\" aria-label=\"More on Semana de la Memoria\">[+]<\/a><\/p>\n","protected":false},"author":121,"featured_media":0,"parent":0,"menu_order":0,"comment_status":"closed","ping_status":"closed","template":"","meta":[],"acf":[],"_links":{"self":[{"href":"https:\/\/ens3-caba.infd.edu.ar\/sitio\/wp-json\/wp\/v2\/pages\/2343"}],"collection":[{"href":"https:\/\/ens3-caba.infd.edu.ar\/sitio\/wp-json\/wp\/v2\/pages"}],"about":[{"href":"https:\/\/ens3-caba.infd.edu.ar\/sitio\/wp-json\/wp\/v2\/types\/page"}],"author":[{"embeddable":true,"href":"https:\/\/ens3-caba.infd.edu.ar\/sitio\/wp-json\/wp\/v2\/users\/121"}],"replies":[{"embeddable":true,"href":"https:\/\/ens3-caba.infd.edu.ar\/sitio\/wp-json\/wp\/v2\/comments?post=2343"}],"version-history":[{"count":2,"href":"https:\/\/ens3-caba.infd.edu.ar\/sitio\/wp-json\/wp\/v2\/pages\/2343\/revisions"}],"predecessor-version":[{"id":2360,"href":"https:\/\/ens3-caba.infd.edu.ar\/sitio\/wp-json\/wp\/v2\/pages\/2343\/revisions\/2360"}],"wp:attachment":[{"href":"https:\/\/ens3-caba.infd.edu.ar\/sitio\/wp-json\/wp\/v2\/media?parent=2343"}],"curies":[{"name":"wp","href":"https:\/\/api.w.org\/{rel}","templated":true}]}}