{"id":2650,"date":"2024-06-26T18:53:47","date_gmt":"2024-06-26T21:53:47","guid":{"rendered":"https:\/\/ens3-caba.infd.edu.ar\/sitio\/?page_id=2650"},"modified":"2024-08-21T19:25:14","modified_gmt":"2024-08-21T22:25:14","slug":"campo-de-la-formacion-en-la-practica-profesional","status":"publish","type":"page","link":"https:\/\/ens3-caba.infd.edu.ar\/sitio\/campo-de-la-formacion-en-la-practica-profesional\/","title":{"rendered":"Campo de la Formaci\u00f3n en la Pr\u00e1ctica Profesional"},"content":{"rendered":"\n<p><a href=\"https:\/\/drive.google.com\/file\/d\/163TZYe2iVzi6JOBzb_qRSaOA9SMBCkc7\/view?usp=sharing\" target=\"_blank\" rel=\"noreferrer noopener\">Encuadre de trabajo de las Pr\u00e1cticas<\/a><\/p>\n\n\n\n<p><a href=\"https:\/\/direccionprimaria.wixsite.com\/caba\" target=\"_blank\" rel=\"noreferrer noopener\">Localizaci\u00f3n de escuelas<\/a><\/p>\n\n\n\n<p><a href=\"https:\/\/drive.google.com\/drive\/folders\/1FBuZkp99SnOW6SnN7wmKA0TiuJ9kSUbP?usp=sharing\" target=\"_blank\" rel=\"noreferrer noopener\">Informaci\u00f3n sobre Distritos Escolares<\/a><\/p>\n\n\n\n<p><a href=\"https:\/\/drive.google.com\/drive\/folders\/1Y09iHZI2cj686UxoIHQAMZ7vG1Jpr22n?usp=sharing\" target=\"_blank\" rel=\"noreferrer noopener\">Materiales Curriculares<\/a><\/p>\n\n\n\n<p><a href=\"https:\/\/drive.google.com\/drive\/folders\/127MzL_XrNOXp5aDbqnAD5Scw32hqQW-s?usp=sharing\" target=\"_blank\" rel=\"noreferrer noopener\">Desarrollos curriculares<\/a><\/p>\n\n\n\n<p><a href=\"https:\/\/docs.google.com\/spreadsheets\/d\/16j_XZJ15jsoJ_fpLoTt-fmhinj9fLwm6zLei_tGDXUk\/edit?usp=sharing\" target=\"_blank\" rel=\"noreferrer noopener\">Bibliotecas<\/a><\/p>\n\n\n\n<p><a href=\"https:\/\/drive.google.com\/drive\/folders\/1KAaku6jhPdumpiGCpuLwShaMVrQUadm_?usp=sharing\" target=\"_blank\" rel=\"noreferrer noopener\">Otros enlaces de inter\u00e9s<\/a><\/p>\n\n\n\n<p>Producciones de estudiantes y docentes<\/p>\n\n\n\n<p>EDI Interculturalidad<\/p>\n\n\n\n<p>EDI Narrativas<\/p>\n\n\n\n<p>Recomendados<\/p>\n\n\n\n<p><a href=\"https:\/\/docs.google.com\/spreadsheets\/d\/1BUufSLx4Ew6sw8AeHtb6541FKUdx47iZ-TvVg5cVFfY\/edit?usp=sharing\" target=\"_blank\" rel=\"noreferrer noopener\">Materiales f\u00edlmicos<\/a><\/p>\n","protected":false},"excerpt":{"rendered":"<p>Encuadre de trabajo de las Pr\u00e1cticas Localizaci\u00f3n de escuelas Informaci\u00f3n sobre Distritos Escolares Materiales Curriculares Desarrollos curriculares Bibliotecas Otros enlaces de inter\u00e9s Producciones de estudiantes y docentes EDI Interculturalidad EDI Narrativas Recomendados Materiales f\u00edlmicos<\/p>\n","protected":false},"author":121,"featured_media":0,"parent":0,"menu_order":0,"comment_status":"closed","ping_status":"closed","template":"","meta":[],"acf":[],"_links":{"self":[{"href":"https:\/\/ens3-caba.infd.edu.ar\/sitio\/wp-json\/wp\/v2\/pages\/2650"}],"collection":[{"href":"https:\/\/ens3-caba.infd.edu.ar\/sitio\/wp-json\/wp\/v2\/pages"}],"about":[{"href":"https:\/\/ens3-caba.infd.edu.ar\/sitio\/wp-json\/wp\/v2\/types\/page"}],"author":[{"embeddable":true,"href":"https:\/\/ens3-caba.infd.edu.ar\/sitio\/wp-json\/wp\/v2\/users\/121"}],"replies":[{"embeddable":true,"href":"https:\/\/ens3-caba.infd.edu.ar\/sitio\/wp-json\/wp\/v2\/comments?post=2650"}],"version-history":[{"count":4,"href":"https:\/\/ens3-caba.infd.edu.ar\/sitio\/wp-json\/wp\/v2\/pages\/2650\/revisions"}],"predecessor-version":[{"id":2664,"href":"https:\/\/ens3-caba.infd.edu.ar\/sitio\/wp-json\/wp\/v2\/pages\/2650\/revisions\/2664"}],"wp:attachment":[{"href":"https:\/\/ens3-caba.infd.edu.ar\/sitio\/wp-json\/wp\/v2\/media?parent=2650"}],"curies":[{"name":"wp","href":"https:\/\/api.w.org\/{rel}","templated":true}]}}